{"id":45,"date":"2014-12-24T14:30:50","date_gmt":"2014-12-24T14:30:50","guid":{"rendered":"http:\/\/rolfjucker.net\/wordpress\/?page_id=45"},"modified":"2014-12-28T16:14:11","modified_gmt":"2014-12-28T16:14:11","slug":"german-studies-writings","status":"publish","type":"page","link":"https:\/\/rolfjucker.net\/wordpress\/german-studies-writings\/","title":{"rendered":"German Studies Writings"},"content":{"rendered":"<p>This is only a selection of my German Studies writings; it is the stuff I think is most pertinent. A full bibliography you can access here: <a title=\"Rolf Jucker German Studies Publications\" href=\"https:\/\/rolfjucker.net\/wordpress\/wp-content\/uploads\/2014\/12\/Dr-Rolf-Jucker-German-Studies-Publications.pdf\" target=\"_blank\">Dr Rolf Jucker German Studies Publications<\/a>.<\/p>\n<p>Books[ezcol_2third]<\/p>\n<ul>\n<li>Rolf Jucker:\u00a0<i>&#8220;Was werden wir die Freiheit nennen?&#8221; Volker Brauns Texte als Zeitkritik<\/i> (W\u00fcrzburg, K\u00f6nigshausen &amp; Neumann, 2004). 141 pp. ISBN 3-8260-2836-8.\n<p class=\"western\" lang=\"de-DE\" align=\"justify\">\n<\/li>\n<\/ul>\n<p>&nbsp;<\/p>\n<p>[\/ezcol_2third][ezcol_1third_end]<\/p>\n<p><a href=\"https:\/\/books.google.ch\/books?id=qlK3ILTXsM4C&amp;printsec=frontcover\" target=\"_blank\"><img loading=\"lazy\" decoding=\"async\" class=\"alignnone wp-image-83 size-full\" src=\"https:\/\/rolfjucker.net\/wordpress\/wp-content\/uploads\/2014\/12\/BRAUNKuN.jpg\" alt=\"Rolf Jucker: &quot;Was werden wir die Freiheit nennen?&quot; Volker Brauns Texte als Zeitkritik (W\u00fcrzburg, K\u00f6nigshausen &amp; Neumann, 2004). 141 pp. ISBN 3-8260-2836-8.\" width=\"120\" height=\"170\" \/><\/a><\/p>\n<p>[\/ezcol_1third_end]<\/p>\n<hr \/>\n<p>[ezcol_2third]<\/p>\n<ul>\n<li>Rolf Jucker: <i>Peter Bichsel, Geschichten. Mit einem Kommentar von Rolf Jucker<\/i> (Frankfurt\/M., Suhrkamp, 2005 [=Suhrkamp BasisBibliothek 64]). <span lang=\"en-GB\">208 pp. ISBN 3-518-18864-X.<\/span><\/li>\n<\/ul>\n<p>[\/ezcol_2third][ezcol_1third_end]<\/p>\n<p><a href=\"https:\/\/www.suhrkamp.de\/buecher\/geschichten-peter_bichsel_18864.html\" target=\"_blank\"><img loading=\"lazy\" decoding=\"async\" class=\"alignnone wp-image-82 size-full\" src=\"https:\/\/rolfjucker.net\/wordpress\/wp-content\/uploads\/2014\/12\/bichsel.sbb64.jpg\" alt=\"Rolf Jucker: Peter Bichsel, Geschichten. Mit einem Kommentar von Rolf Jucker (Frankfurt\/M., Suhrkamp, 2005 [=Suhrkamp BasisBibliothek 64]). 208 pp. ISBN 3-518-18864-X.\" width=\"168\" height=\"260\" \/><\/a><\/p>\n<p>[\/ezcol_1third_end]<\/p>\n<hr \/>\n<p>[ezcol_2third]<\/p>\n<ul>\n<li>Rolf Jucker: <span lang=\"en-GB\"><i>Volker Braun<\/i><\/span><span lang=\"en-GB\"> (Cardiff, University of Wales Press, 1995). <\/span><span lang=\"de-CH\">161 pp. [therein: &#8216;&#8221;Wir befinden uns soweit wohl. Wir sind erst einmal am Ende&#8221;. Volker Braun im Gespr\u00e4ch mit Rolf Jucker in Swansea&#8217;, pp. 21-29,<\/span><sup><span lang=\"de-CH\"> *<a class=\"sdfootnoteanc\" href=\"#sdfootnote1sym\" name=\"sdfootnote1anc\"><\/a><\/span><\/sup><span lang=\"de-CH\"> &#8216;Von der &#8220;Ziehviehlisation&#8221; (1959) zur &#8220;ZUVIELISATION&#8221; (1987): Zivilisationskritik im Werk Volker Brauns&#8217;, pp. 55-67, and &#8216;Bibliographie 1986-1994&#8217;, pp. 124-157]. <\/span><span lang=\"en-GB\">ISBN 0-7083-1313-2.<\/span>\n<div id=\"sdfootnote1\">\n<p class=\"sdfootnote-western\" lang=\"de-DE\" align=\"justify\"><a class=\"sdfootnotesym\" href=\"#sdfootnote1anc\" name=\"sdfootnote1sym\">*<\/a><span style=\"font-size: small;\"> Reprinted in Volker Braun, <\/span><span style=\"font-size: small;\"><i>Wir befinden uns soweit wohl. Wir sind erst einmal am Ende. \u00c4u\u00dferungen<\/i><\/span><span style=\"font-size: small;\"> (Frankfurt\/M., Suhrkamp, 1998 [=edition suhrkamp]), pp. 99-109. <\/span><span style=\"font-size: small;\"><span lang=\"en-GB\">ISBN 3-518-12088-3.<\/span><\/span><\/p>\n<\/div>\n<\/li>\n<\/ul>\n<p>[\/ezcol_2third][ezcol_1third_end]<\/p>\n<p><a href=\"https:\/\/www.amazon.com\/Volker-Braun-University-Wales-Press\/dp\/0708313132\" target=\"_blank\"><img loading=\"lazy\" decoding=\"async\" class=\"alignnone wp-image-86 size-full\" src=\"https:\/\/rolfjucker.net\/wordpress\/wp-content\/uploads\/2014\/12\/braunuwp.jpg\" alt=\"Rolf Jucker: Volker Braun (Cardiff, University of Wales Press, 1995).\" width=\"102\" height=\"160\" \/><\/a><\/p>\n<p>[\/ezcol_1third_end]<\/p>\n<hr \/>\n<p>&nbsp;<\/p>\n<p>[ezcol_2third]<\/p>\n<ul>\n<li>Rolf Jucker: <span lang=\"en-GB\"><i>Peter Bichsel<\/i><\/span><span lang=\"en-GB\"> (Cardiff, University of Wales Press, 1996). 131 pp. <\/span><span lang=\"de-CH\">[therein: &#8216;Peter Bichsel: A Biographical Sketch.&#8217;, pp. 12-23, &#8216;&#8221;Ich bin f\u00fcr die Unruhe&#8221;: Gespr\u00e4ch mit Peter Bichsel&#8217;, pp. 24-35, and &#8216;Auswahlbibliographie&#8217;, pp. 95-127]. ISBN 0-7083-1380-9.<\/span><\/li>\n<\/ul>\n<p>[\/ezcol_2third][ezcol_1third_end]<\/p>\n<p><a href=\"https:\/\/www.amazon.com\/Peter-Bichsel-University-Wales-Press\/dp\/0708313809\" target=\"_blank\"><img loading=\"lazy\" decoding=\"async\" class=\"alignnone wp-image-87 size-full\" src=\"https:\/\/rolfjucker.net\/wordpress\/wp-content\/uploads\/2014\/12\/bichseluwp.jpg\" alt=\"Rolf Jucker: Peter Bichsel (Cardiff, University of Wales Press, 1996).\" width=\"100\" height=\"160\" \/><\/a><\/p>\n<p>[\/ezcol_1third_end]<\/p>\n<hr \/>\n<p>[ezcol_2third]<\/p>\n<ul>\n<li>Rolf Jucker: <span lang=\"de-CH\"><i>Stefan Sch\u00fctz<\/i><\/span><span lang=\"de-CH\"> (M\u00fcnchen, edition TEXT + KRITIK, 1997 [=TEXT + KRITIK; Bd. 134]). 93 pp. [therein: &#8216;&#8221;Niemals menschenverachtend, immer machtmi\u00dfachtend&#8221;. \u00dcberlegungen zur Entwicklung der Utopie in Stefan Sch\u00fctz&#8217; Prosa seit <\/span><span lang=\"de-CH\"><i>Medusa<\/i><\/span><span lang=\"de-CH\">&#8216;, pp. 66-77 and &#8216;Bibliographie 1975-1996&#8217;, pp. 78-91]. ISBN 3-88377-553-3, ISSN 0040-5329.<\/span><\/li>\n<\/ul>\n<p>[\/ezcol_2third][ezcol_1third_end]<\/p>\n<p><a href=\"https:\/\/etk-muenchen.de\/search\/Details.aspx?a=Heinz+Ludwig+Arnold&amp;sort=2&amp;page=16&amp;ISBN=9783883775531\" target=\"_blank\"><img loading=\"lazy\" decoding=\"async\" class=\"alignnone wp-image-81 size-full\" src=\"https:\/\/rolfjucker.net\/wordpress\/wp-content\/uploads\/2014\/12\/tukschuetz.jpg\" alt=\"Rolf Jucker: Stefan Sch\u00fctz (M\u00fcnchen, edition TEXT + KRITIK, 1997 [=TEXT + KRITIK; Bd. 134]). \" width=\"150\" height=\"232\" \/><\/a><\/p>\n<p>[\/ezcol_1third_end]<\/p>\n<hr \/>\n<p>&nbsp;<\/p>\n<p>[ezcol_2third]<\/p>\n<ul>\n<li>Rolf Jucker: <span lang=\"en-GB\"><em><span lang=\"de-CH\">Zeitgen\u00f6ssische Utopieentw\u00fcrfe in Literatur und Gesellschaft. Zur Kontroverse seit den achtziger Jahren<\/span><\/em><span lang=\"de-CH\"> (Amsterdam; Atlanta, Rodopi, 1997 [Amsterdamer Beitr\u00e4ge zur neueren Germanistik; Bd. 41]). <\/span><span lang=\"en-GB\">377 pp. [therein: &#8216;Zur Kritik der realexistierenden Utopie des Status Quo&#8217;, pp. 13-78 and &#8216;Democracy, &#8220;End of History&#8221; and Pascal&#8217;s wager. An Interview with Noam Chomsky&#8217;, pp. 79-92]. ISBN 90-420-0198-4 (hardback), ISBN 90-420-0170-4 (paperback).<\/span><\/span><\/li>\n<\/ul>\n<p>[\/ezcol_2third][ezcol_1third_end]<\/p>\n<p><a href=\"https:\/\/www.brill.com\/products\/book\/zeitgenossische-utopieentwurfe-literatur-und-gesellschaft\" target=\"_blank\"><img loading=\"lazy\" decoding=\"async\" class=\"alignnone wp-image-88 size-full\" src=\"https:\/\/rolfjucker.net\/wordpress\/wp-content\/uploads\/2014\/12\/ABNG.jpg\" alt=\"Rolf Jucker (Ed.):  Zeitgen\u00f6ssische Utopieentw\u00fcrfe in Literatur und Gesellschaft. Zur Kontroverse seit den achtziger Jahren (Amsterdam; Atlanta, Rodopi, 1997 [Amsterdamer Beitr\u00e4ge zur neueren Germanistik; Bd. 41])\" width=\"105\" height=\"160\" \/><\/a><\/p>\n<p>[\/ezcol_1third_end]<\/p>\n<hr \/>\n<p>[ezcol_2third]<\/p>\n<ul>\n<li>Rolf Jucker: <span lang=\"en-GB\"><i>Volker Braun in Perspective<\/i><\/span><span lang=\"en-GB\"> (Amsterdam; New York, Rodopi, 2004 [German Monitor; Bd. 58]. 273 pp. [therein: &#8216;Einleitung&#8217;, pp. <\/span>IX-XVII and &#8216;Aspekte gesellschaftskritischer Literatur seit 1989: Einige Bemerkungen mit Bezug auf zwei Gedichte von Volker Braun&#8217;, pp. 123-135]. ISBN 90-420-0869-5 (hardback), ISBN 90-420-0859-8 (paperback). | Access <a title=\"Citations Rolf Jucker: Volker Braun in Perspective\" href=\"https:\/\/scholar.google.ch\/scholar?cites=12821499949863804453&amp;as_sdt=2005&amp;sciodt=0,5&amp;hl=de\" target=\"_blank\">citations here<\/a><\/li>\n<\/ul>\n<p>[\/ezcol_2third][ezcol_1third_end]<\/p>\n<p><a href=\"https:\/\/www.brill.com\/products\/book\/volker-braun-perspective\" target=\"_blank\"><img loading=\"lazy\" decoding=\"async\" class=\"alignnone wp-image-80 size-full\" src=\"https:\/\/rolfjucker.net\/wordpress\/wp-content\/uploads\/2014\/12\/gm58.jpg\" alt=\"Rolf Jucker: Volker Braun in Perspective (Amsterdam; New York, Rodopi, 2004 [German Monitor; Bd. 58].\" width=\"155\" height=\"221\" \/><\/a><\/p>\n<p>[\/ezcol_1third_end]<\/p>\n<hr \/>\n<p>[ezcol_2third]<\/p>\n<ul>\n<li>Rolf Jucker: <span lang=\"de-CH\"><i>&#8220;Dem Chaos anarchisch&#8221; begegnen. Zur Rekonstruktion der Utopie\u00adkonzeption in Stefan Sch\u00fctz&#8217; Roman <\/i><\/span><span lang=\"de-CH\">Medusa<\/span><span lang=\"de-CH\"><i> anhand der Figuren <\/i><\/span><span lang=\"de-CH\">Gorga Sappho<\/span><span lang=\"de-CH\"><i> und <\/i><\/span><span lang=\"de-CH\">Naphtan (Bern; Frankfurt a.M.; Wien; New York, Peter Lang, 1991 [=Europ\u00e4ische Hochschulschriften; Reihe 1, Deutsche Sprache und Literatur; Bd. 1279]). <\/span><span lang=\"en-GB\">368 pp. ISBN 3-261-04450-0. <\/span><span lang=\"en-US\">Online accessible\/downloadable @ <\/span><span style=\"color: #0000ff;\"><span style=\"text-decoration: underline;\"><a title=\"Rolf Jucker: Dem Chaos anarchisch begegnen\" href=\"https:\/\/books.google.de\/books?id=lD40AAAAIAAJ&amp;dq=Rolf+Jucker&amp;source=gbs_navlinks_s\" target=\"_blank\"><span lang=\"en-US\">https:\/\/books.google.de\/books?id=lD40AAAAIAAJ&amp;dq=Rolf+Jucker&amp;source=gbs_navlinks_s<\/span><\/a><\/span><\/span><span lang=\"en-US\">.<\/span><\/li>\n<\/ul>\n<p>[\/ezcol_2third][ezcol_1third_end]<\/p>\n<p><a href=\"https:\/\/books.google.de\/books?id=lD40AAAAIAAJ&amp;dq=Rolf+Jucker&amp;source=gbs_navlinks_s\" target=\"_blank\"><img loading=\"lazy\" decoding=\"async\" class=\"alignnone wp-image-85 size-full\" src=\"https:\/\/rolfjucker.net\/wordpress\/wp-content\/uploads\/2014\/12\/chaosanarchisch.jpg\" alt=\"Rolf Jucker: &quot;Dem Chaos anarchisch&quot; begegnen. Zur Rekonstruktion der Utopie\u00adkonzeption in Stefan Sch\u00fctz' Roman Medusa anhand der Figuren Gorga Sappho und Naphtan (Bern; Frankfurt a.M.; Wien; New York, Peter Lang, 1991 [=Europ\u00e4ische Hochschulschriften; Reihe 1, Deutsche Sprache und Literatur; Bd. 1279])\" width=\"120\" height=\"175\" \/><\/a><\/p>\n<p>[\/ezcol_1third_end]<\/p>\n<hr \/>\n<p>&nbsp;<\/p>\n","protected":false},"excerpt":{"rendered":"<p>This is only a selection of my German Studies writings; it is the stuff I think is most pertinent. A full bibliography you can access here: Dr Rolf Jucker German Studies Publications. Books[ezcol_2third] Rolf Jucker:\u00a0&#8220;Was werden wir die Freiheit nennen?&#8221; Volker Brauns Texte als Zeitkritik (W\u00fcrzburg, K\u00f6nigshausen &amp; Neumann, 2004). 141 pp. ISBN 3-8260-2836-8. &nbsp; [&hellip;]<\/p>\n","protected":false},"author":1,"featured_media":0,"parent":0,"menu_order":0,"comment_status":"open","ping_status":"closed","template":"page-templates\/front-page.php","meta":{"footnotes":""},"class_list":["post-45","page","type-page","status-publish","hentry"],"_links":{"self":[{"href":"https:\/\/rolfjucker.net\/wordpress\/wp-json\/wp\/v2\/pages\/45","targetHints":{"allow":["GET"]}}],"collection":[{"href":"https:\/\/rolfjucker.net\/wordpress\/wp-json\/wp\/v2\/pages"}],"about":[{"href":"https:\/\/rolfjucker.net\/wordpress\/wp-json\/wp\/v2\/types\/page"}],"author":[{"embeddable":true,"href":"https:\/\/rolfjucker.net\/wordpress\/wp-json\/wp\/v2\/users\/1"}],"replies":[{"embeddable":true,"href":"https:\/\/rolfjucker.net\/wordpress\/wp-json\/wp\/v2\/comments?post=45"}],"version-history":[{"count":25,"href":"https:\/\/rolfjucker.net\/wordpress\/wp-json\/wp\/v2\/pages\/45\/revisions"}],"predecessor-version":[{"id":178,"href":"https:\/\/rolfjucker.net\/wordpress\/wp-json\/wp\/v2\/pages\/45\/revisions\/178"}],"wp:attachment":[{"href":"https:\/\/rolfjucker.net\/wordpress\/wp-json\/wp\/v2\/media?parent=45"}],"curies":[{"name":"wp","href":"https:\/\/api.w.org\/{rel}","templated":true}]}}